054 and 16733?
577
What is the highest common factor of 11820 and 4710?
30
What is the highest common divisor of 65 and 12015380?
65
What is the highest common factor of 143828 and 959438?
1754
Calculate the greatest common factor of 2357240 and 1612.
124
What is the highest common factor of 10167518 and 33902?
3082
What is the highest common factor of 104764743 and 27?
9
What is the greatest common divisor of 12776 and 29100534?
3194
Calculate the highest common factor of 487306 and 121576.
334
What is the highest common factor of 128369 and 1233?
137
What is the greatest common divisor of 1549378 and 69716?
1202
Calculate the highest common divisor of 54820606 and 7437.
2479
Calculate the greatest common factor of 312972888 and 8.
8
Calculate the highest common factor of 38610859 and 43792.
2737
What is the greatest common factor of 1367342860 and 260?
260
Calculate the highest common factor of 16677 and 1719693.
981
Calculate the greatest common divisor of 224 and 7277879.
7
What is the highest common factor of 202605400 and 305?
305
Calculate the greatest common factor of 1419264 and 39.
3
Calculate the greatest common factor of 156718 and 17018.
254
What is the highest common factor of 93668883 and 363?
363
Calculate the highest common divisor of 81514 and 46216.
106
Calculate the highest common divisor of 3241 and 18977.
7
Calculate the greatest common divisor of 6120 and 11158800.
2040
What is the highest common factor of 6453084 and 836?
836
Calculate the greatest common divisor of 1085 and 75530.
35
Calculate the greatest common factor of 180 and 5588955.
45
What is the highest common divisor of 263314998 and 10548?
5274
Calculate the greatest common divisor of 26183135 and 5677.
811
Calculate the greatest common factor of 6160 and 62656.
176
Calculate the highest common factor of 1059 and 206801873.
353
Calculate the highest common factor of 996342 and 373038.
4722
What is the highest common divisor of 38371936 and 64?
32
Calculate the highest common factor of 76620 and 160.
20
Calculate the highest common factor of 58344 and 7441852.
748
What is the greatest common divisor of 891 and 596651?
11
Calculate the greatest common factor of 289013 and 134664.
31
Calculate the greatest common divisor of 2107400 and 3772000.
8200
Calculate the greatest common divisor of 193266395 and 70.
35
What is the highest common factor of 28431 and 1358856?
729
Calculate the greatest common divisor of 1580 and 9190702.
158
Calculate the highest common factor of 202247 and 115350.
769
What is the highest common divisor of 71840 and 10140?
20
What is the greatest common divisor of 7941 and 11664?
3
What is the highest common factor of 16568 and 403191?
109
What is the highest common divisor of 22100 and 1666?
34
Calculate the highest common divisor of 56 and 2801575.
7
Calculate the greatest common divisor of 108272450 and 39.
13
Calculate the greatest common divisor of 3690 and 33434270.
410
What is the highest common factor of 347440 and 362920?
1720
Calculate the greatest common factor of 30160014 and 5151.
303
What is the greatest common divisor of 6076 and 273227087?
1519
What is the greatest common factor of 364683 and 13803?
129
Calculate the highest common divisor of 6690 and 1333950.
30
What is the highest common divisor of 352 and 10203904?
32
Calculate the greatest common factor of 51114576 and 44184.
6312
Calculate the highest common divisor of 1880 and 1345559240.
1880
Calculate the highest common divisor of 50 and 35528650.
50
Calculate the greatest common factor of 24 and 152723118.
6
What is the greatest common factor of 98279 and 16836?
23
What is the highest common divisor of 16387335 and 3339?
477
What is the greatest common divisor of 27916346 and 374?
34
Calculate the greatest common factor of 3 and 341971.
1
Calculate the greatest common divisor of 30141 and 76113.
9
What is the highest common divisor of 36 and 5985089496?
36
What is the greatest common factor of 11771548 and 7188?
2396
What is the highest common divisor of 6339 and 720737961?
6339
Calculate the greatest common divisor of 126 and 11915512.
14
What is the greatest common factor of 3266270 and 11165?
1015
What is the greatest common factor of 4637779 and 1468?
367
What is the highest common divisor of 4855103 and 4983?
1661
Calculate the greatest common divisor of 2560 and 1078280.
40
What is the greatest common divisor of 15957740 and 320?
20
What is the greatest common factor of 25057175 and 275?
275
Calculate the greatest common factor of 1375 and 7436825.
275
Calculate the greatest common factor of 4 and 54273896.
4
What is the greatest common divisor of 15954 and 43230?
6
What is the highest common factor of 8968 and 4542056?
472
Calculate the greatest common divisor of 63 and 222524673.
21
What is the highest common factor of 498318 and 113982?
942
Calculate the greatest common divisor of 302900 and 18460.
260
Calculate the highest common divisor of 680 and 3182400.
680
Calculate the highest common factor of 1204 and 424324.
172
Calculate the highest common divisor of 31371669 and 27.
9
What is the greatest common factor of 1246 and 601008723?
623
What is the greatest common divisor of 3721936590 and 345?
345
Calculate the highest common divisor of 558 and 2660234.
62
What is the highest common factor of 18873 and 3601714?
233
What is the greatest common divisor of 83213 and 2090611?
37
Calculate the greatest common factor of 1232 and 2040528.
112
Calculate the greatest common divisor of 266923288 and 8.
8
Calculate the highest common factor of 1131062 and 2336.
146
What is the highest common divisor of 136 and 701666160?
136
Calculate the greatest common divisor of 15246 and 39247560.
2178
Calculate the highest common divisor of 250209 and 4725.
27
What is the greatest common divisor of 13328 and 453544?
392
What is the greatest common factor of 885 and 21227197?
59
What is the highest common factor of 44 and 27191417?
11
Calculate the greatest common divisor of 142709 and 35190071.
4921
Calculate the highest common factor of 492 and 346685340.
492
Calculate the highest common factor of 2536839 and 1.
1
Calculate the greatest common factor of 163714691 and 5894.
2947
Calculate the greatest common divisor of 859096 and 285476.
2668
Calculate the greatest common factor of 8064674 and 1194.
398
Calculate the highest common divisor of 116847401 and 1023.
341
Calculate the greatest common factor of 21391206 and 3972.
1986
What is the greatest common factor of 108412096 and 832?
832
Calculate the highest common factor of 54839414 and 42.
14
Calculate the greatest common divisor of 39376 and 1787008.
368
Calculate the greatest common factor of 12221 and 1408445.
101
Calculate the highest common factor of 1165040 and 3640.
40
Calculate the highest common divisor of 7194 and 515373364.
2398
What is the greatest common factor of 54 and 32678559?
27
What is the highest common factor of 279 and 106676487?
279
Calculate the highest common divisor of 18 and 342328.
2
Calculate the greatest common factor of 806946570 and 202.
202
Calculate the greatest common factor of 15847065 and 9468.
2367
Calculate the greatest common divisor of 93 and 131597387.
31
What is the greatest common divisor of 80880625 and 16541?
973
What is the highest common factor of 63713088 and 162?
54
Calculate the highest common divisor of 19697194 and 1544.
386
What is the highest common factor of 338184009 and 45?
9
Calculate the highest common divisor of 3 and 895309.
1
Calculate the highest common factor of 19485 and 146565.
45
Calculate the highest common divisor of 8633713 and 2178.
121
What is the greatest common factor of 9438885 and 2035?
185
What is the highest common factor of 354 and 12179842?
118
What is the greatest common factor of 1410832965 and 22674?
11337
What is the highest common divisor of 41438500 and 7700?
100
Calculate the highest common factor of 927 and 101443773.
309
Calculate the greatest common factor of 22 and 29802025.
11
What is the greatest common divisor of 17863344 and 3120?
48
Calculate the highest common divisor of 99 and 9107153.
11
Calculate the highest common factor of 226920 and 9264680.
2440
Calculate the highest common divisor of 439272 and 2784.
24
What is